16, what is 2d - 8?
25
In base 9, what is 2847 + 12?
2860
In base 12, what is -5 + -69?
-72
In base 7, what is 15 + -1152?
-1134
In base 4, what is -32 - -21?
-11
In base 3, what is 120 + 200?
1020
In base 12, what is 2b9 + 3?
300
In base 8, what is -242 - 5?
-247
In base 9, what is 480 + -10?
470
In base 7, what is -63 - 214?
-310
In base 16, what is -4 + -89e?
-8a2
In base 3, what is -2212 - 10?
-2222
In base 11, what is -1a49 + -1?
-1a4a
In base 12, what is 1 - -a?
b
In base 3, what is -122110212 + -11?
-122111000
In base 15, what is -1 - 613?
-614
In base 3, what is 11100 - 0?
11100
In base 8, what is 0 + -44?
-44
In base 12, what is -2 + b?
9
In base 3, what is -10200 + -22?
-10222
In base 16, what is -7 + -12?
-19
In base 7, what is 1 + 1004?
1005
In base 3, what is 21102 - 10?
21022
In base 4, what is 1022 - -1?
1023
In base 6, what is -23 - 1?
-24
In base 4, what is -1010122 - 2?
-1010130
In base 15, what is 0 - -5e3?
5e3
In base 14, what is 47 - 17?
30
In base 8, what is -271 - -3?
-266
In base 14, what is -3b - 8?
-45
In base 13, what is 8 + -51?
-46
In base 8, what is -1312 + 12?
-1300
In base 3, what is -100 - -200?
100
In base 6, what is -4305 + 0?
-4305
In base 9, what is 3823 - -2?
3825
In base 14, what is 2 + 524?
526
In base 14, what is 1 - 6d?
-6c
In base 12, what is 0 + -3523?
-3523
In base 10, what is 57 + 2?
59
In base 11, what is -2 - 591?
-593
In base 5, what is 202 - 1?
201
In base 13, what is 5 + -2a?
-25
In base 11, what is 351a2 + -2?
351a0
In base 7, what is 5 + 5213?
5221
In base 6, what is -2 - 1223?
-1225
In base 3, what is 10 + -220220?
-220210
In base 8, what is 653 - 0?
653
In base 14, what is 370 - 8?
366
In base 10, what is 0 + -38?
-38
In base 5, what is -1 + -2012?
-2013
In base 2, what is -100 - -11101?
11001
In base 14, what is 6b + 3?
70
In base 9, what is 160 - -2?
162
In base 14, what is -152b + -5?
-1532
In base 8, what is 2 + -757?
-755
In base 8, what is -1 + -45?
-46
In base 16, what is 17 - d9?
-c2
In base 14, what is 2b - 2?
29
In base 9, what is 120 + -6?
113
In base 3, what is 111 - 2020122?
-2020011
In base 16, what is 20 + -6?
1a
In base 14, what is a7c + 1?
a7d
In base 6, what is 205 - -105?
314
In base 12, what is a2b1 + -1?
a2b0
In base 11, what is 38 - 3?
35
In base 16, what is 11 - 2a?
-19
In base 4, what is -10 - 1031?
-1101
In base 9, what is 4 + 34?
38
In base 3, what is 11 - -1210?
1221
In base 15, what is 5 - 86b?
-866
In base 5, what is 104343 - 2?
104341
In base 9, what is 2 + -6?
-4
In base 16, what is -682 + -2?
-684
In base 3, what is -2 + -201?
-210
In base 16, what is 0 + -38?
-38
In base 13, what is -2 - -983?
981
In base 15, what is -6 + 9?
3
In base 9, what is -3 + 102?
88
In base 16, what is -18 - -6?
-12
In base 15, what is -9 - 63?
-6c
In base 3, what is 122 + 110?
1002
In base 4, what is 100 - -11?
111
In base 3, what is 2 - 1211101?
-1211022
In base 2, what is 11101 - 1001?
10100
In base 15, what is 0 - 1198?
-1198
In base 12, what is 8 - 14?
-8
In base 10, what is 408 - -14?
422
In base 5, what is 2424 - -4?
2433
In base 11, what is -10 + -15?
-25
In base 8, what is -103 - 4?
-107
In base 5, what is -1101 + -3?
-1104
In base 5, what is -4 - -14420?
14411
In base 4, what is -2 + -22?
-30
In base 3, what is -21 - 12?
-110
In base 2, what is -111 + -11001?
-100000
In base 7, what is -100 + -3?
-103
In base 14, what is -44 + c?
-36
In base 8, what is 3 + 777?
1002
In base 4, what is -3 - -321200?
321131
In base 8, what is 43 + 4?
47
In base 2, what is -1010 + 110000?
100110
In base 3, what is 11 + 11100?
11111
In base 12, what is -4 + -b7a?
-b82
In base 3, what is -12 - 110?
-122
In base 12, what is -2 + -493?
-495
In base 14, what is 19bc + -5?
19b7
In base 13, what is -2b9 + -4?
-2c0
In base 10, what is -2876 + -1?
-2877
In base 16, what is 3 + 5a6?
5a9
In base 8, what is 416 + -6?
410
In base 12, what is 34 + -6?
2a
In base 16, what is -8ac + -5?
-8b1
In base 13, what is -316b - 2?
-3170
In base 15, what is 5 + 1a?
20
In base 3, what is 120 + -1000?
-110
In base 9, what is 3 - 20?
-16
In base 10, what is -2 - -113?
111
In base 5, what is 2 - 12302?
-12300
In base 5, what is -101133 - -10?
-101123
In base 16, what is c - -1f?
2b
In base 8, what is 415 + 5?
422
In base 15, what is -b2 + 3?
-ae
In base 5, what is -1 + -2?
-3
In base 3, what is 12 - -222220?
1000002
In base 8, what is 364 - -6?
372
In base 9, what is -54 + 174?
120
In base 9, what is -578 + 0?
-578
In base 15, what is 7 - -a9?
b1
In base 2, what is 11 + -110001?
-101110
In base 12, what is -511 - 15?
-526
In base 15, what is 204 + -1?
203
In base 5, what is 304 + 10?
314
In base 2, what is -1001011101011 - -11?
-1001011101000
In base 3, what is -1210111 - 0?
-1210111
In base 2, what is -101 + -111101?
-1000010
In base 4, what is -1 + -10?
-11
In base 12, what is 4 - -66?
6a
In base 8, what is 742 + 5?
747
In base 11, what is -3 + -2a?
-32
In base 11, what is 399 - 1?
398
In base 13, what is 4 - -6b5?
6b9
In base 3, what is -111 - 212210?
-220021
In base 13, what is 2 - 476?
-474
In base 7, what is -11504 - 4?
-11511
In base 8, what is 2 - 2?
0
In base 2, what is -100 - 11?
-111
In base 3, what is -10 - -1002211?
1002201
In base 2, what is 110 + -100011101?
-100010111
In base 10, what is -12 + -5?
-17
In base 4, what is -10013033 - -2?
-10013031
In base 10, what is 85 - -9?
94
In base 7, what is 24 - -56?
113
In base 10, what is -163 - -6?
-157
In base 15, what is -3 + -124e?
-1252
In base 3, what is -21112 - -12?
-21100
In base 9, what is -1 - -1783?
1782
In base 5, what is 123013 + 3?
123021
In base 14, what is -1c - -1bb?
19d
In base 15, what is -b + 20?
14
In base 3, what is -20020 - -10?
-20010
In base 4, what is 3 - -311?
320
In base 10, what is 37 + 1?
38
In base 6, what is -13040 - 2?
-13042
In base 12, what is 37 + ab?
126
In base 6, what is 54 - -3?
101
In base 14, what is 19 - -9?
24
In base 6, what is 140 + 2?
142
In base 16, what is -1 + 12?
11
In base 13, what is 160 + -1?
15c
In base 10, what is -22 - 57?
-79
In base 11, what is -7 + 177?
170
In base 14, what is -3b - 4?
-41
In base 16, what is 15b - -12?
16d
In base 5, what is 441 - -20?
1011
In base 5, what is -2 - -14434?
14432
In base 14, what is -bb - 1?
-bc
In base 7, what is -641 + -3?
-644
In base 12, what is -7 + -1?
-8
In base 7, what is -112 - -3?
-106
In base 2, what is -1011101000100 - 10?
-1011101000110
In base 7, what is -141 + -3?
-144
In base 6, what is 3 - -5033?
5040
In base 15, what is 15 + a?
20
In base 6, what is 122 - 1?
121
In base 14, what is -6a7 + 2?
-6a5
In base 2, what is -10110 + -1100?
-100010
In base 14, what is -4 - 98?
-9c
In base 6, what is -14 + 13?
-1
In base 11, what is -1 - -72?
71
In base 3, what is 1012 + 12?
1101
In base 4, what is 21 + 2?
23
In base 15, what is -111c - -4?
-1118
In base 12, what is -b1 + 4?
-a9
In base 3, what is 2222 - -2?
10001
In base 4, what is 3 + 320001?
320010
In base 10, what is -64 - 73?
-137
In base 11, what is -26 - 10?
-36
In base 9, what is -3521 + 5?
-3515
In base 6, what is -10 - -2204?
2154
In base 15, what is 28 - -6?
2e
In base 14, what is -4 + 38?
34
In base 6, what is 21 + -21453?
-21432
In base 10, what is 9 + 493?
502
In base 15, what is -2 - -89?
87
In base 14, what is -1d - -17?
-6
In base 11, what is -4 + 220?
217
In base 3, what is -222112 + -12?
-222201
In base 9, what is 3718 - 3?
3715
In base 8, what is 3 + -63?
-60
In base 13, what is 3a - -3?
40
In base 10, what is -37 + -68?
-105
In base 2, what is 10100 - 1100111?
-1010011
In base 5, what is 4 - -1232?
1241
In base 7, what is -15441 - -1?
-15440
In base 4, what is -1200 - -122?
-1012
In base 8, what is -3 - 1034?
-1037
In base 2, what is -11 - 111000?
-111011
In base 14, what is 74 + -b?
67
In base 7, what is 540 + 5?
545
In base 12, what is -13 + -379?
-390
In base 3, what is -1 - 11101?
-11102
In base 7, what is 364 - -4?
401
In base 2, what is 1 + -111110?
-111101
In base 16, what is -2 + -17a?
-17c
In base 2, what is -100100110 - 100100?
-101001010
In base 16, what is -11 - 6?
-17
In base 8, what is 120 - -5?
125
In base 5, what is -233023 + -2?
-233030
In base 8, what is 1344 + -12?
1332
In base 4, what is 21321 - 11?
21310
In base 16, what is -7 - 10f?
-116
In base 4, what is 1110 - 12?
1